33
Calculate (39 - -10) + -21 - -16 - 65.
-21
Calculate 1 - (59 - -4) - (-36 + -17 + 43).
-52
What is (22 - (80 - 47)) + (17 - 1) - (3 - 1)?
3
((-12 - 5) + 25 - 3) + 10 + 1
16
What is the value of 3 + 113 + -24 + (32 - 13) + -12?
99
Calculate (-10 - (-8 - -9 - -27)) + (-2 - 10).
-50
Evaluate 9 + (13 + (12 + 0 - (-12 + -53)) - 7).
92
Calculate -5 - (-14 + 0 - (-8 - -25 - 30)).
-4
What is the value of -21 - (-30 + 23 + -13) - 37?
-38
What is 1 + 6 + -6 + 44 + -26?
19
What is 66 - (-4 + -37 + 82)?
25
What is -35 + 7 + 35 - 70?
-63
What is the value of (17 - (-10 - 24) - 3) + -3?
45
-2 + 11 + -1 + (80 - (-68 + 270))
-114
17 - -94 - 59 - (1 + 8)
43
Evaluate ((-35 - -3) + 61 - -2) + -63.
-32
What is the value of (484 - 508) + 119 + -3 + 7 + 0?
99
What is 31 + 35 + -87 + 115?
94
Calculate -2 + (-20 - -3) + 30 + 92 + 6 - -13.
122
What is (-12 + 46 + 10 - 193) + 10?
-139
3 + 20 - (-59 - ((6 - -21) + -63))
46
Evaluate -1 + (7 - 5) + (-11 - (7 + 1 - 2)).
-16
Calculate 11 - (62 - (14 + 4 + 23)).
-10
What is the value of 39 + 4 + (-1 - -2) + -11 + 11 + -15?
29
Evaluate 38 + (-38 - -29) - 15 - -48.
62
Calculate -26 - (-65 - -29) - -13 - -1.
24
What is (-37 - ((-22 - -1) + (33 - 37) + 15)) + 10?
-17
16 - (2 + (1 - 2)) - (20515 + -20389)
-111
What is 32 - ((24 + 16 - 9) + 32)?
-31
What is the value of (12 - (-41 + 12 - -14)) + -12 + -39?
-24
What is the value of -21 + (-10 - (4 + 12 + 0 + -10)) + 12?
-25
Evaluate (-63 - -144 - -26) + -54.
53
Calculate (55 - (-9 - (-68 + 36))) + -134.
-102
Evaluate -91 + 81 - -36 - (19 - -2).
5
1 - (3 + -6) - (93 + -91 + 12)
-10
What is the value of -73212 + 73066 + 1 + 1 + -2?
-146
Calculate 7 + (3 + 5 - -4) + (112 - 122).
9
Calculate (-29 - -10) + -4 + 12 - (-177 - -100).
66
(-14 - 7) + 31 - 43 - -5
-28
What is the value of 22 - -20 - 29 - (-6 + 79 + (-3 - -7))?
-64
What is the value of (23 - 9 - 52) + 39?
1
Evaluate (108 + (-5 - 3) - 3) + (-18 - (18 + -30)).
91
What is the value of (107 - 26) + -6 + -124?
-49
(5 - 15) + -27 + 25 + 25
13
What is the value of (-3 - -4) + -14 + 2 + (-10 - -5) + 39?
23
-4 - (-15 - -4) - ((-12 - (0 - 9)) + 16)
-6
What is the value of -177 - (-106 + 25) - -48?
-48
What is -69 - (28 - 44) - -56?
3
What is the value of -195 + 9 + 95 - -147?
56
19 + -1 + 3 + (-996 - -990)
15
What is 83 + -70 - (0 - 0 - (-2 + 4 + -149))?
-134
What is the value of (25 - 12) + -9 + 17?
21
(-25 - (16 - (-1 - 21))) + -10
-73
Evaluate (22 - 132 - -125) + -41 + -2.
-28
(17 - 15) + (2 - (-2 + 13)) + 90 + -38
45
Calculate (82 - (-23 - 15)) + -19.
101
(-80 - -59 - -22) + -71
-70
Calculate -9 - 0 - (0 + 0 - -1 - 10 - -9).
-9
Evaluate (-6 - ((25 - -14) + -17)) + 65.
37
What is the value of -2179 + 2246 - (37 + -1)?
31
Calculate 7 + 76 - (13 + 9 - (2 - -6)).
69
(8 + -1 - (6 - -4 - (23 - 13))) + -5
2
What is the value of (77 - 0) + 4 - (48 + -28 + (18 - 39))?
82
Evaluate 75 - 4 - (82 + (41 - 117)).
65
Calculate (5 - (-19 - -25)) + (2 - -11 - (8 - 3)).
7
Calculate -2 - 12 - ((17 - (-27 - -44)) + -12 + 30).
-32
What is the value of (-10 - (-33 - -13 - -33)) + 2?
-21
Calculate 18 + (1 - 15) + 9 + 40.
53
What is the value of 423 - 414 - (17 - 12)?
4
Calculate 0 + -2 + (29 - -40) + 1 + -5.
63
Calculate 10 + 24 + -51 - -11 - (0 + 9).
-15
Evaluate (-3 - -50) + 471 + -500.
18
1 + 2 + -2 + (10 - (0 + 6))
5
Evaluate -60 - (73 + -141) - (-73 + -2 + 7).
76
Evaluate (51 - (-23 + 65)) + -48.
-39
What is (-38 - 2) + -42 + 29?
-53
Evaluate -30 - ((14 - (0 - 14 - -10)) + (-6 - 0)).
-42
What is -14 - (7 - -3 - ((-4 - -5) + 15)) - -7?
-1
Calculate 1 + -39 + (680 - 728).
-86
Calculate 3 + 4 - (-10 + 9) - (-55 + (-2 - -13)).
52
What is the value of (3 - -200) + -74 + -58?
71
Evaluate -44 + 158 + -60 - 97.
-43
Evaluate -102 + 15 + 44 + -29 + 27.
-45
-2 + 0 + (17 + (-28 - -14) - 81) + 11
-69
What is -100 + (6067 - 6067) + (11 - (2 + (2 - 5)))?
-88
-60 + 14 + (0 - 4 - (12 + -2))
-60
(115 + -98 - (-1 - -34)) + -13
-29
What is the value of (5 - -28) + (22 + (-18 + 7 - 1) - 6)?
37
Evaluate -70 + (19 - -1 - 28) + 3 + -7 + 22.
-60
What is the value of 987 + -974 + (2 - -29)?
44
Evaluate 6 - -20 - ((16 - 30) + 7).
33
What is the value of (14 - (-10 - -26) - 6) + 15 + -53?
-46
(-84 + 76 - (-1 - -6)) + 24 + -21
-10
Evaluate -978 + 1035 + (3 - 36) - (65 + -1).
-40
-83 + (-20 - (-6 - 2)) - -33
-62
Calculate 16 + (1 - -11) + 45 + -50.
23
What is (43 - 18 - (12 + -2 + -3)) + -18?
0
Calculate -6349 - -6247 - (-2 + -82).
-18
Evaluate (1 - 42) + 107 + 8.
74
-74 - -61 - (0 - -2) - (87 + 22)
-124
What is the value of 67 + -201 + 27 + 140?
33
What is 1651 + -1651 + 1 + 1 + -2 - (-6 + 73)?
-67
What is -2931 - -2999 - (1 - -64)?
3
Evaluate -9 - (8 + (-4 - 3) + 2 - 19).
7
What is (-462 + 441 - (2 - 48)) + (3 - -13)?
41
Evaluate (-86 + 77 - -161) + -82.
70
Evaluate (-13 - -13) + (1 - 12) + (54 - (-13 - 72)).
128
Evaluate (10 - 11) + -17 + -14 + 3.
-29
Evaluate (2 - (0 + 1) - 78) + -6565 + 6582.
-60
What is the value of -23 - (21 + 41 - 62)?
-23
Evaluate ((0 - -2) + 1 - -7) + (-8 - -7) + -4.
5
Calculate 3 - (-9 + -7 - -2) - (100 - 157).
74
What is (-112 - 1) + (114 - 89 - -14)?
-74
What is the value of ((16 + -29 - 3) + 15 - -88) + -8?
79
What is the value of (-6 - 3 - -1 - 11) + 41?
22
Evaluate 9 - (-18 + 42 - 9 - 17 - (-2 - 38)).
-29
Evaluate 45 + (51 - 114 - 48).
-66
Evaluate -163 + 296 + 16 + -175.
-26
Evaluate -79 + -8 - (4 + -18 - 11).
-62
Calculate -2 - -7 - -33 - (19 + 5 - 21).
35
Calculate 1331 + -1349 + (-3 - (1 - (6 + -3)) - 0).
-19
-57 - (-59 - (-36 + 4)) - (10 - -1)
-41
(-4 - 1) + (-25 + 49 + -16 - 6) - 38
-41
What is (-847 - -841) + -57 + 2 + -3 + 3?
-61
Calculate -26 + (-28 - (-30 - 32)).
8
Evaluate -40 - (-44 + 66 - -16).
-78
What is the value of -4 + 4 - ((8 - (68 - 14)) + -15)?
61
What is the value of 63 - (-68 + 93 - (9 + 49))?
96
Calculate -7 + (-11 - -6) - 1 - (-662 + 777).
-128
What is 14 + -8 + (-8 - -18 - 3) - -1?
14
Evaluate 13 + -107 + 128 + (-1 - -15).
48
What is the value of (-1 - -2) + -52 + 55 - (71 - 0)?
-67
Calculate -1 + 3 - 89 - (17 + (23 - 26)).
-101
What is the value of -4 + (31 - -19) + -25 - (0 + 9)?
12
1 + -1 + 2 + (11844 - 11906)
-60
Calculate (-43 - -32) + (6 - 20) + 5 + 0.
-20
-2172 - -2117 - (-4 + 0)
-51
17 + 1 - (27 - (27 + -105) - 28)
-59
Calculate 2 - -6 - (-55 + 29 + 49).
-15
What is the value of -5 + -5 + -32 + -4 - (-3 - -10) - 1?
-54
Evaluate -111 + 8 + 2 + 20 + (3 - 28) - 15.
-121
Calculate -19 + -48 + 116 + -45 + (-159 + -1 - -1).
-155
0 - (-1 + 46) - (-898 + 879)
-26
80 + 5 + -170 + 54
-31
Evaluate -2 - ((11 - 0) + (-2 - 0) - 28).
17
What is -7 + -1 + 0 + (-7348 - -7372) - -47?
63
What is the value of (-164 - -139) + (-6 - -8) + -3?
-26
3 - 20 - (4870 - 4791)
-96
1 + -14 + 39 + -37 + -33
-44
Calculate (-2 - 17) + -353 + 344 + 21.
-7
Evaluate 14 - 0 - (5 - (-13 - -24)).
20
Evaluate 10 + -5 + -11 + (-4 - 1).
-11
What is the value of 64 - (-8 - -13) - (16 + (-25 - 6) + 21)?
53
Calculate -16 + -17 + 5 + -22 + 137.
87
What is the value of -98 - (20 - 7 - (-24 + 19)) - (-4 + -2)?
-110
Calculate 29 + 16 + -100 - -94.
39
What is the value of -27 + (31 - (27 - (24 + (9 - 21))))?
-11
Evaluate -104 - (-183 + (96 - 1)).
-16
What is the value of (-82 - -118) + -128 + 77?
-15
-62 - (-53 - (-7 + -30))
-46
What is the value of -70 + 7 + 3 - (-18 - (-49 - -12))?
-79
Calculate 1 + -4 + 2 + (42 + -8 - 2).
31
Evaluate 8 - ((-55 - 19) + -34) - 34.
82
What is -81 - (-211 - (-130 + 118))?
118
Calculate (-15 - (-7 + -15)) + (12 - 9) + -58 + 1.
-47
What is the value of 27 - 1 - (5755 + -5674)?
-55
14 - (-45 + 29 - ((8 - 2) + -5))
31
What is the value of -56 - ((-47 - -9) + -18 + 31)?
-31
4 + (-7 - (-7 - (8 + -7)) - 1 - -12)
16
Evaluate 1100 + -997 + -56 + -1.
46
What is -4 + (-16 + 19 + -12 - -22)?
9
-1974 - -2000 - (0 + -44 - 0)
70
Evaluate -9 - (-12 + (-5 - -11) + -2 + 4).
-5
Evaluate (47 + (-5 - -15) - (19 - -6 - 16)) + -5.
43
What is 38 + (27 + -3 - 90)?
-28
1 + 0 + -34 - (-328 - (-190 + -122))
-17
What is the value of 35 + -34 + -13 + 6 + 20?
14
What is the value of 71 + -112 + -123 + 41?
-123
-69 + 62 - (-7 + (7 - 4))
-3
What is the value of 0 + -2 + -11 + (-6 - -14) + -31 + 68?
32
(-14 - (9 - -3 - (10 - -13))) + -21
-24
What is the value of (31 - 25) + (-36 - -21) + -26?
-35
Calculate -1 + -1 - (-5 + 11 - 99) - (2277 - 2280).
94
Evaluat